{"id":103,"date":"2026-06-18T15:38:52","date_gmt":"2026-06-18T15:38:52","guid":{"rendered":"https:\/\/www.avvocatidisalvonavarra.it\/?page_id=103"},"modified":"2026-06-18T15:38:53","modified_gmt":"2026-06-18T15:38:53","slug":"privacy-policy","status":"publish","type":"page","link":"https:\/\/www.avvocatidisalvonavarra.it\/index.php\/privacy-policy\/","title":{"rendered":"Privacy Policy"},"content":{"rendered":"<p>[et_pb_section fb_built=&#8221;1&#8243; theme_builder_area=&#8221;post_content&#8221; _builder_version=&#8221;4.27.6&#8243; _module_preset=&#8221;default&#8221;][et_pb_row _builder_version=&#8221;4.27.6&#8243; _module_preset=&#8221;default&#8221; theme_builder_area=&#8221;post_content&#8221;][et_pb_column _builder_version=&#8221;4.27.6&#8243; _module_preset=&#8221;default&#8221; type=&#8221;4_4&#8243; theme_builder_area=&#8221;post_content&#8221;][et_pb_heading title=&#8221;Privacy Policy&#8221; _builder_version=&#8221;4.27.6&#8243; _module_preset=&#8221;default&#8221; theme_builder_area=&#8221;post_content&#8221; hover_enabled=&#8221;0&#8243; sticky_enabled=&#8221;0&#8243;][\/et_pb_heading][et_pb_text _builder_version=&#8221;4.27.6&#8243; _module_preset=&#8221;default&#8221; theme_builder_area=&#8221;post_content&#8221; hover_enabled=&#8221;0&#8243; sticky_enabled=&#8221;0&#8243;]<\/p>\n<p style=\"text-align: justify;\"><strong>Ultimo aggiornamento:<\/strong> 18 Giugno 2026<\/p>\n<p style=\"text-align: justify;\">Ai sensi degli artt. 13 e 14 del Regolamento (UE) 2016\/679 (&#8220;GDPR&#8221;), la presente informativa descrive le modalit\u00e0 di trattamento dei dati personali degli utenti che consultano il sito web <strong><a href=\"http:\/\/www.avvocatidisalvonavarra.it\/\">www.avvocatidisalvonavarra.it<\/a><\/strong>.<\/p>\n<h2 style=\"text-align: justify;\">1. Contitolari del trattamento<\/h2>\n<p style=\"text-align: justify;\">I dati personali raccolti attraverso il presente sito web sono trattati congiuntamente dai seguenti Contitolari del trattamento:<\/p>\n<h3 style=\"text-align: justify;\">Avv. Andrea Di Salvo<\/h3>\n<p style=\"text-align: justify;\">Via Mario Grimaldi, 8<br \/>94100 Enna (EN)<br \/>Email: <a href=\"mailto:disalvoandrea@virgilio.it\">disalvoandrea@virgilio.it<\/a><br \/>PEC: <a href=\"mailto:andrea.disalvo@avvocatienna.legalmail.it\">andrea.disalvo@avvocatienna.legalmail.it<\/a><\/p>\n<h3 style=\"text-align: justify;\">Avv. Alessandro Navarra<\/h3>\n<p style=\"text-align: justify;\">Via Bertino, 36<br \/>95030 Nicolosi (CT)<br \/>Email: <a href=\"mailto:avv.anavarra@libero.it\">avv.anavarra@libero.it<\/a><br \/>PEC: <a href=\"mailto:alessandronavarra@pec.ordineavvocaticatania.it\">alessandronavarra@pec.ordineavvocaticatania.it<\/a><\/p>\n<p style=\"text-align: justify;\">I Contitolari collaborano professionalmente nell&#8217;ambito delle attivit\u00e0 illustrate sul presente sito e determinano congiuntamente finalit\u00e0 e modalit\u00e0 del trattamento dei dati personali raccolti tramite gli strumenti messi a disposizione degli utenti.<\/p>\n<p style=\"text-align: justify;\">Per qualsiasi richiesta relativa al trattamento dei dati personali \u00e8 possibile contattare uno qualsiasi dei Contitolari ai recapiti sopra indicati.<\/p>\n<hr \/>\n<h2 style=\"text-align: justify;\">2. Tipologia di dati trattati<\/h2>\n<h3 style=\"text-align: justify;\">Dati di navigazione<\/h3>\n<p style=\"text-align: justify;\">I sistemi informatici e le procedure software preposte al funzionamento del sito acquisiscono automaticamente alcune informazioni la cui trasmissione \u00e8 implicita nell&#8217;uso dei protocolli Internet.<\/p>\n<p style=\"text-align: justify;\">Tra questi:<\/p>\n<ul style=\"text-align: justify;\">\n<li>\n<p>indirizzo IP;<\/p>\n<\/li>\n<li>\n<p>tipo di browser utilizzato;<\/p>\n<\/li>\n<li>\n<p>sistema operativo;<\/p>\n<\/li>\n<li>\n<p>data e ora della richiesta;<\/p>\n<\/li>\n<li>\n<p>pagine visitate;<\/p>\n<\/li>\n<li>\n<p>informazioni tecniche relative al dispositivo utilizzato.<\/p>\n<\/li>\n<\/ul>\n<p style=\"text-align: justify;\">Tali dati sono utilizzati esclusivamente per garantire il corretto funzionamento del sito, per esigenze di sicurezza e per elaborazioni statistiche aggregate.<\/p>\n<h3 style=\"text-align: justify;\">Dati forniti volontariamente dall&#8217;utente<\/h3>\n<p style=\"text-align: justify;\">Attraverso il modulo di contatto presente sul sito possono essere raccolti:<\/p>\n<ul style=\"text-align: justify;\">\n<li>\n<p>Nome e Cognome;<\/p>\n<\/li>\n<li>\n<p>Indirizzo e-mail;<\/p>\n<\/li>\n<li>\n<p>Indirizzo;<\/p>\n<\/li>\n<li>\n<p>Comune;<\/p>\n<\/li>\n<li>\n<p>Numero di cellulare;<\/p>\n<\/li>\n<li>\n<p>Contenuto del messaggio.<\/p>\n<\/li>\n<\/ul>\n<hr \/>\n<h2 style=\"text-align: justify;\">3. Finalit\u00e0 del trattamento<\/h2>\n<p style=\"text-align: justify;\">I dati personali sono trattati per le seguenti finalit\u00e0:<\/p>\n<h3 style=\"text-align: justify;\">a) Gestione delle richieste di contatto<\/h3>\n<p style=\"text-align: justify;\">Consentire ai Contitolari di ricevere, analizzare e rispondere alle richieste inviate dagli utenti.<\/p>\n<p style=\"text-align: justify;\"><strong>Base giuridica:<\/strong> esecuzione di misure precontrattuali adottate su richiesta dell&#8217;interessato (art. 6, par. 1, lett. b GDPR).<\/p>\n<h3 style=\"text-align: justify;\">b) Adempimento di obblighi normativi<\/h3>\n<p style=\"text-align: justify;\">Adempiere agli obblighi previsti dalla normativa vigente.<\/p>\n<p style=\"text-align: justify;\"><strong>Base giuridica:<\/strong> obbligo legale (art. 6, par. 1, lett. c GDPR).<\/p>\n<h3 style=\"text-align: justify;\">c) Sicurezza del sito e prevenzione di utilizzi illeciti<\/h3>\n<p style=\"text-align: justify;\">Garantire la sicurezza delle infrastrutture informatiche e prevenire attivit\u00e0 fraudolente o non autorizzate.<\/p>\n<p style=\"text-align: justify;\"><strong>Base giuridica:<\/strong> legittimo interesse dei Contitolari (art. 6, par. 1, lett. f GDPR).<\/p>\n<h3 style=\"text-align: justify;\">d) Analisi statistiche del traffico web<\/h3>\n<p style=\"text-align: justify;\">Raccogliere dati statistici relativi all&#8217;utilizzo del sito tramite Google Analytics 4.<\/p>\n<p style=\"text-align: justify;\"><strong>Base giuridica:<\/strong> consenso dell&#8217;utente (art. 6, par. 1, lett. a GDPR).<\/p>\n<hr \/>\n<h2 style=\"text-align: justify;\">4. Modalit\u00e0 del trattamento<\/h2>\n<p style=\"text-align: justify;\">Il trattamento dei dati personali avviene mediante strumenti informatici e telematici, adottando misure tecniche e organizzative adeguate a garantire la sicurezza, la riservatezza e l&#8217;integrit\u00e0 dei dati trattati.<\/p>\n<hr \/>\n<h2 style=\"text-align: justify;\">5. Conferimento dei dati<\/h2>\n<p style=\"text-align: justify;\">Il conferimento dei dati richiesti nel modulo di contatto \u00e8 facoltativo.<\/p>\n<p style=\"text-align: justify;\">Tuttavia, il mancato conferimento dei dati indicati come obbligatori potrebbe rendere impossibile la gestione della richiesta inviata dall&#8217;utente.<\/p>\n<hr \/>\n<h2 style=\"text-align: justify;\">6. Conservazione dei dati<\/h2>\n<p style=\"text-align: justify;\">I dati personali saranno conservati per il tempo strettamente necessario al raggiungimento delle finalit\u00e0 per cui sono stati raccolti.<\/p>\n<p style=\"text-align: justify;\">Le comunicazioni inviate tramite il modulo di contatto potranno essere conservate per un periodo massimo di <strong>24 mesi<\/strong>, salvo la necessit\u00e0 di ulteriore conservazione per obblighi di legge o per la tutela di diritti in sede giudiziaria.<\/p>\n<hr \/>\n<h2 style=\"text-align: justify;\">7. Destinatari dei dati<\/h2>\n<p style=\"text-align: justify;\">I dati personali potranno essere comunicati a:<\/p>\n<ul style=\"text-align: justify;\">\n<li>\n<p>fornitori di servizi hosting e infrastrutture informatiche;<\/p>\n<\/li>\n<li>\n<p>fornitori di servizi tecnici e manutenzione del sito web;<\/p>\n<\/li>\n<li>\n<p>consulenti e professionisti incaricati;<\/p>\n<\/li>\n<li>\n<p>autorit\u00e0 pubbliche e amministrative nei casi previsti dalla legge.<\/p>\n<\/li>\n<\/ul>\n<p style=\"text-align: justify;\">I soggetti che trattano dati per conto dei Contitolari operano, ove necessario, quali Responsabili del trattamento ai sensi dell&#8217;art. 28 GDPR.<\/p>\n<hr \/>\n<h2 style=\"text-align: justify;\">8. Hosting del sito<\/h2>\n<p style=\"text-align: justify;\">Il sito \u00e8 ospitato presso infrastrutture fornite da Netsons.<\/p>\n<p style=\"text-align: justify;\">I dati possono essere trattati dal provider esclusivamente per finalit\u00e0 tecniche connesse all&#8217;erogazione del servizio di hosting e alla sicurezza delle infrastrutture.<\/p>\n<hr \/>\n<h2 style=\"text-align: justify;\">9. Google Analytics<\/h2>\n<p style=\"text-align: justify;\">Il sito utilizza Google Analytics 4 per raccogliere informazioni statistiche aggregate sull&#8217;utilizzo del sito web.<\/p>\n<p style=\"text-align: justify;\">Il servizio viene attivato esclusivamente a seguito dell&#8217;espressione del consenso da parte dell&#8217;utente tramite il banner cookie.<\/p>\n<p style=\"text-align: justify;\">Per ulteriori informazioni \u00e8 possibile consultare la documentazione fornita da Google.<\/p>\n<hr \/>\n<h2 style=\"text-align: justify;\">10. Trasferimento dei dati verso Paesi terzi<\/h2>\n<p style=\"text-align: justify;\">L&#8217;utilizzo di alcuni servizi tecnologici potrebbe comportare il trasferimento di dati personali verso Paesi non appartenenti all&#8217;Unione Europea.<\/p>\n<p style=\"text-align: justify;\">Tali trasferimenti avvengono nel rispetto delle garanzie previste dagli artt. 44 e seguenti del GDPR.<\/p>\n<hr \/>\n<h2 style=\"text-align: justify;\">11. Diritti dell&#8217;interessato<\/h2>\n<p style=\"text-align: justify;\">L&#8217;interessato pu\u00f2 esercitare in qualsiasi momento i diritti riconosciuti dagli artt. 15-22 del GDPR, tra cui:<\/p>\n<ul style=\"text-align: justify;\">\n<li>\n<p>diritto di accesso;<\/p>\n<\/li>\n<li>\n<p>diritto di rettifica;<\/p>\n<\/li>\n<li>\n<p>diritto alla cancellazione;<\/p>\n<\/li>\n<li>\n<p>diritto alla limitazione del trattamento;<\/p>\n<\/li>\n<li>\n<p>diritto di opposizione;<\/p>\n<\/li>\n<li>\n<p>diritto alla portabilit\u00e0 dei dati;<\/p>\n<\/li>\n<li>\n<p>diritto di revocare il consenso prestato.<\/p>\n<\/li>\n<\/ul>\n<p style=\"text-align: justify;\">Le richieste possono essere inviate a uno qualsiasi dei Contitolari ai recapiti indicati nella presente informativa.<\/p>\n<hr \/>\n<h2 style=\"text-align: justify;\">12. Reclamo all&#8217;Autorit\u00e0 di controllo<\/h2>\n<p style=\"text-align: justify;\">L&#8217;interessato ha diritto di proporre reclamo al Garante per la Protezione dei Dati Personali qualora ritenga che il trattamento dei propri dati personali avvenga in violazione della normativa applicabile.<\/p>\n<hr \/>\n<h2 style=\"text-align: justify;\">13. Modifiche alla presente informativa<\/h2>\n<p style=\"text-align: justify;\">I Contitolari si riservano il diritto di modificare o aggiornare la presente Privacy Policy in qualsiasi momento.<\/p>\n<p style=\"text-align: justify;\">Le modifiche saranno pubblicate su questa pagina con indicazione della data di aggiornamento.<\/p>\n<p>[\/et_pb_text][\/et_pb_column][\/et_pb_row][\/et_pb_section]<\/p>\n","protected":false},"excerpt":{"rendered":"<p>Ultimo aggiornamento: 18 Giugno 2026 Ai sensi degli artt. 13 e 14 del Regolamento (UE) 2016\/679 (&#8220;GDPR&#8221;), la presente informativa descrive le modalit\u00e0 di trattamento dei dati personali degli utenti che consultano il sito web www.avvocatidisalvonavarra.it. 1. Contitolari del trattamento I dati personali raccolti attraverso il presente sito web sono trattati congiuntamente dai seguenti Contitolari [&hellip;]<\/p>\n","protected":false},"author":1,"featured_media":0,"parent":0,"menu_order":0,"comment_status":"closed","ping_status":"closed","template":"","meta":{"_et_pb_use_builder":"on","_et_pb_old_content":"","_et_gb_content_width":"","footnotes":""},"class_list":["post-103","page","type-page","status-publish","hentry"],"_links":{"self":[{"href":"https:\/\/www.avvocatidisalvonavarra.it\/index.php\/wp-json\/wp\/v2\/pages\/103","targetHints":{"allow":["GET"]}}],"collection":[{"href":"https:\/\/www.avvocatidisalvonavarra.it\/index.php\/wp-json\/wp\/v2\/pages"}],"about":[{"href":"https:\/\/www.avvocatidisalvonavarra.it\/index.php\/wp-json\/wp\/v2\/types\/page"}],"author":[{"embeddable":true,"href":"https:\/\/www.avvocatidisalvonavarra.it\/index.php\/wp-json\/wp\/v2\/users\/1"}],"replies":[{"embeddable":true,"href":"https:\/\/www.avvocatidisalvonavarra.it\/index.php\/wp-json\/wp\/v2\/comments?post=103"}],"version-history":[{"count":2,"href":"https:\/\/www.avvocatidisalvonavarra.it\/index.php\/wp-json\/wp\/v2\/pages\/103\/revisions"}],"predecessor-version":[{"id":106,"href":"https:\/\/www.avvocatidisalvonavarra.it\/index.php\/wp-json\/wp\/v2\/pages\/103\/revisions\/106"}],"wp:attachment":[{"href":"https:\/\/www.avvocatidisalvonavarra.it\/index.php\/wp-json\/wp\/v2\/media?parent=103"}],"curies":[{"name":"wp","href":"https:\/\/api.w.org\/{rel}","templated":true}]}}

<p>[et_pb_section fb_built=&#8221;1&#8243; theme_builder_area=&#8221;post_content&#8221; _builder_version=&#8221;4.27.6&#8243; _module_preset=&#8221;default&#8221;][et_pb_row _builder_version=&#8221;4.27.6&#8243; _module_preset=&#8221;default&#8221; theme_builder_area=&#8221;post_content&#8221;][et_pb_column _builder_version=&#8221;4.27.6&#8243; _module_preset=&#8221;default&#8221; type=&#8221;4_4&#8243; theme_builder_area=&#8221;post_content&#8221;][et_pb_heading title=&#8221;Privacy Policy&#8221; _builder_version=&#8221;4.27.6&#8243; _module_preset=&#8221;default&#8221; theme_builder_area=&#8221;post_content&#8221; hover_enabled=&#8221;0&#8243; sticky_enabled=&#8221;0&#8243;][/et_pb_heading][et_pb_text _builder_version=&#8221;4.27.6&#8243; _module_preset=&#8221;default&#8221; theme_builder_area=&#8221;post_content&#8221; hover_enabled=&#8221;0&#8243; sticky_enabled=&#8221;0&#8243;]</p>
<p style="text-align: justify;"><strong>Ultimo aggiornamento:</strong> 18 Giugno 2026</p>
<p style="text-align: justify;">Ai sensi degli artt. 13 e 14 del Regolamento (UE) 2016/679 (&#8220;GDPR&#8221;), la presente informativa descrive le modalità di trattamento dei dati personali degli utenti che consultano il sito web <strong><a href="http://www.avvocatidisalvonavarra.it/">www.avvocatidisalvonavarra.it</a></strong>.</p>
<h2 style="text-align: justify;">1. Contitolari del trattamento</h2>
<p style="text-align: justify;">I dati personali raccolti attraverso il presente sito web sono trattati congiuntamente dai seguenti Contitolari del trattamento:</p>
<h3 style="text-align: justify;">Avv. Andrea Di Salvo</h3>
<p style="text-align: justify;">Via Mario Grimaldi, 8<br />94100 Enna (EN)<br />Email: <a href="mailto:disalvoandrea@virgilio.it">disalvoandrea@virgilio.it</a><br />PEC: <a href="mailto:andrea.disalvo@avvocatienna.legalmail.it">andrea.disalvo@avvocatienna.legalmail.it</a></p>
<h3 style="text-align: justify;">Avv. Alessandro Navarra</h3>
<p style="text-align: justify;">Via Bertino, 36<br />95030 Nicolosi (CT)<br />Email: <a href="mailto:avv.anavarra@libero.it">avv.anavarra@libero.it</a><br />PEC: <a href="mailto:alessandronavarra@pec.ordineavvocaticatania.it">alessandronavarra@pec.ordineavvocaticatania.it</a></p>
<p style="text-align: justify;">I Contitolari collaborano professionalmente nell&#8217;ambito delle attività illustrate sul presente sito e determinano congiuntamente finalità e modalità del trattamento dei dati personali raccolti tramite gli strumenti messi a disposizione degli utenti.</p>
<p style="text-align: justify;">Per qualsiasi richiesta relativa al trattamento dei dati personali è possibile contattare uno qualsiasi dei Contitolari ai recapiti sopra indicati.</p>
<hr />
<h2 style="text-align: justify;">2. Tipologia di dati trattati</h2>
<h3 style="text-align: justify;">Dati di navigazione</h3>
<p style="text-align: justify;">I sistemi informatici e le procedure software preposte al funzionamento del sito acquisiscono automaticamente alcune informazioni la cui trasmissione è implicita nell&#8217;uso dei protocolli Internet.</p>
<p style="text-align: justify;">Tra questi:</p>
<ul style="text-align: justify;">
<li>
<p>indirizzo IP;</p>
</li>
<li>
<p>tipo di browser utilizzato;</p>
</li>
<li>
<p>sistema operativo;</p>
</li>
<li>
<p>data e ora della richiesta;</p>
</li>
<li>
<p>pagine visitate;</p>
</li>
<li>
<p>informazioni tecniche relative al dispositivo utilizzato.</p>
</li>
</ul>
<p style="text-align: justify;">Tali dati sono utilizzati esclusivamente per garantire il corretto funzionamento del sito, per esigenze di sicurezza e per elaborazioni statistiche aggregate.</p>
<h3 style="text-align: justify;">Dati forniti volontariamente dall&#8217;utente</h3>
<p style="text-align: justify;">Attraverso il modulo di contatto presente sul sito possono essere raccolti:</p>
<ul style="text-align: justify;">
<li>
<p>Nome e Cognome;</p>
</li>
<li>
<p>Indirizzo e-mail;</p>
</li>
<li>
<p>Indirizzo;</p>
</li>
<li>
<p>Comune;</p>
</li>
<li>
<p>Numero di cellulare;</p>
</li>
<li>
<p>Contenuto del messaggio.</p>
</li>
</ul>
<hr />
<h2 style="text-align: justify;">3. Finalità del trattamento</h2>
<p style="text-align: justify;">I dati personali sono trattati per le seguenti finalità:</p>
<h3 style="text-align: justify;">a) Gestione delle richieste di contatto</h3>
<p style="text-align: justify;">Consentire ai Contitolari di ricevere, analizzare e rispondere alle richieste inviate dagli utenti.</p>
<p style="text-align: justify;"><strong>Base giuridica:</strong> esecuzione di misure precontrattuali adottate su richiesta dell&#8217;interessato (art. 6, par. 1, lett. b GDPR).</p>
<h3 style="text-align: justify;">b) Adempimento di obblighi normativi</h3>
<p style="text-align: justify;">Adempiere agli obblighi previsti dalla normativa vigente.</p>
<p style="text-align: justify;"><strong>Base giuridica:</strong> obbligo legale (art. 6, par. 1, lett. c GDPR).</p>
<h3 style="text-align: justify;">c) Sicurezza del sito e prevenzione di utilizzi illeciti</h3>
<p style="text-align: justify;">Garantire la sicurezza delle infrastrutture informatiche e prevenire attività fraudolente o non autorizzate.</p>
<p style="text-align: justify;"><strong>Base giuridica:</strong> legittimo interesse dei Contitolari (art. 6, par. 1, lett. f GDPR).</p>
<h3 style="text-align: justify;">d) Analisi statistiche del traffico web</h3>
<p style="text-align: justify;">Raccogliere dati statistici relativi all&#8217;utilizzo del sito tramite Google Analytics 4.</p>
<p style="text-align: justify;"><strong>Base giuridica:</strong> consenso dell&#8217;utente (art. 6, par. 1, lett. a GDPR).</p>
<hr />
<h2 style="text-align: justify;">4. Modalità del trattamento</h2>
<p style="text-align: justify;">Il trattamento dei dati personali avviene mediante strumenti informatici e telematici, adottando misure tecniche e organizzative adeguate a garantire la sicurezza, la riservatezza e l&#8217;integrità dei dati trattati.</p>
<hr />
<h2 style="text-align: justify;">5. Conferimento dei dati</h2>
<p style="text-align: justify;">Il conferimento dei dati richiesti nel modulo di contatto è facoltativo.</p>
<p style="text-align: justify;">Tuttavia, il mancato conferimento dei dati indicati come obbligatori potrebbe rendere impossibile la gestione della richiesta inviata dall&#8217;utente.</p>
<hr />
<h2 style="text-align: justify;">6. Conservazione dei dati</h2>
<p style="text-align: justify;">I dati personali saranno conservati per il tempo strettamente necessario al raggiungimento delle finalità per cui sono stati raccolti.</p>
<p style="text-align: justify;">Le comunicazioni inviate tramite il modulo di contatto potranno essere conservate per un periodo massimo di <strong>24 mesi</strong>, salvo la necessità di ulteriore conservazione per obblighi di legge o per la tutela di diritti in sede giudiziaria.</p>
<hr />
<h2 style="text-align: justify;">7. Destinatari dei dati</h2>
<p style="text-align: justify;">I dati personali potranno essere comunicati a:</p>
<ul style="text-align: justify;">
<li>
<p>fornitori di servizi hosting e infrastrutture informatiche;</p>
</li>
<li>
<p>fornitori di servizi tecnici e manutenzione del sito web;</p>
</li>
<li>
<p>consulenti e professionisti incaricati;</p>
</li>
<li>
<p>autorità pubbliche e amministrative nei casi previsti dalla legge.</p>
</li>
</ul>
<p style="text-align: justify;">I soggetti che trattano dati per conto dei Contitolari operano, ove necessario, quali Responsabili del trattamento ai sensi dell&#8217;art. 28 GDPR.</p>
<hr />
<h2 style="text-align: justify;">8. Hosting del sito</h2>
<p style="text-align: justify;">Il sito è ospitato presso infrastrutture fornite da Netsons.</p>
<p style="text-align: justify;">I dati possono essere trattati dal provider esclusivamente per finalità tecniche connesse all&#8217;erogazione del servizio di hosting e alla sicurezza delle infrastrutture.</p>
<hr />
<h2 style="text-align: justify;">9. Google Analytics</h2>
<p style="text-align: justify;">Il sito utilizza Google Analytics 4 per raccogliere informazioni statistiche aggregate sull&#8217;utilizzo del sito web.</p>
<p style="text-align: justify;">Il servizio viene attivato esclusivamente a seguito dell&#8217;espressione del consenso da parte dell&#8217;utente tramite il banner cookie.</p>
<p style="text-align: justify;">Per ulteriori informazioni è possibile consultare la documentazione fornita da Google.</p>
<hr />
<h2 style="text-align: justify;">10. Trasferimento dei dati verso Paesi terzi</h2>
<p style="text-align: justify;">L&#8217;utilizzo di alcuni servizi tecnologici potrebbe comportare il trasferimento di dati personali verso Paesi non appartenenti all&#8217;Unione Europea.</p>
<p style="text-align: justify;">Tali trasferimenti avvengono nel rispetto delle garanzie previste dagli artt. 44 e seguenti del GDPR.</p>
<hr />
<h2 style="text-align: justify;">11. Diritti dell&#8217;interessato</h2>
<p style="text-align: justify;">L&#8217;interessato può esercitare in qualsiasi momento i diritti riconosciuti dagli artt. 15-22 del GDPR, tra cui:</p>
<ul style="text-align: justify;">
<li>
<p>diritto di accesso;</p>
</li>
<li>
<p>diritto di rettifica;</p>
</li>
<li>
<p>diritto alla cancellazione;</p>
</li>
<li>
<p>diritto alla limitazione del trattamento;</p>
</li>
<li>
<p>diritto di opposizione;</p>
</li>
<li>
<p>diritto alla portabilità dei dati;</p>
</li>
<li>
<p>diritto di revocare il consenso prestato.</p>
</li>
</ul>
<p style="text-align: justify;">Le richieste possono essere inviate a uno qualsiasi dei Contitolari ai recapiti indicati nella presente informativa.</p>
<hr />
<h2 style="text-align: justify;">12. Reclamo all&#8217;Autorità di controllo</h2>
<p style="text-align: justify;">L&#8217;interessato ha diritto di proporre reclamo al Garante per la Protezione dei Dati Personali qualora ritenga che il trattamento dei propri dati personali avvenga in violazione della normativa applicabile.</p>
<hr />
<h2 style="text-align: justify;">13. Modifiche alla presente informativa</h2>
<p style="text-align: justify;">I Contitolari si riservano il diritto di modificare o aggiornare la presente Privacy Policy in qualsiasi momento.</p>
<p style="text-align: justify;">Le modifiche saranno pubblicate su questa pagina con indicazione della data di aggiornamento.</p>
<p>[/et_pb_text][/et_pb_column][/et_pb_row][/et_pb_section]</p>

<p>Ultimo aggiornamento: 18 Giugno 2026 Ai sensi degli artt. 13 e 14 del Regolamento (UE) 2016/679 (&#8220;GDPR&#8221;), la presente informativa descrive le modalità di trattamento dei dati personali degli utenti che consultano il sito web www.avvocatidisalvonavarra.it. 1. Contitolari del trattamento I dati personali raccolti attraverso il presente sito web sono trattati congiuntamente dai seguenti Contitolari [&hellip;]</p>
